z(v) = 11*v**2 - 12*v + 19. Let j(r) = 5*u(r) - 6*z(r). Give j(10).
-39
Let r(c) = -c**3 - 6*c**2 + 5*c - 9. Let x = 429 - 436. Determine r(x).
5
Let f(a) = -7*a - 11*a + 25*a + 5 + a**3 - 4*a**2 - 6*a. What is f(5)?
35
Let f(w) = -w**3 - 2*w**2 + 6*w. Let v be f(-4). Let b(x) = -v*x**2 + 2*x**2 - 8*x - 6 + 4*x**2. Calculate b(-5).
-16
Let m(w) = -18 + 2*w - 2 + 8 + 3. Suppose 4*g = g + 18. Calculate m(g).
3
Let z(f) = -f**3 + 9*f**2 - 7*f - 2. Let g = 5 - 36. Let n = g - -39. Calculate z(n).
6
Let g(l) = -l - 1. Let i(z) = 4*z + 13. Let m(a) = -6*g(a) - i(a). Suppose 0 = 2*r - 2*h + 6 - 26, -h - 20 = -3*r. Give m(r).
3
Let k = 24 + -25. Let q(u) = 2*u + 2. Let y be q(k). Let t(i) = -i**3 - 3*i**2 + i - 2. Let x(n) = n**3 + n**2 + 1. Let a(d) = -t(d) - 2*x(d). Calculate a(y).
0
Let p(k) = 4*k**2 + 142*k - 4*k**2 + k**3 - 282*k + 141*k + 25. Calculate p(0).
25
Suppose -i + 36 = 2*i - 3*q, 4*i + 4*q - 8 = 0. Let k(v) = -v**2 + 5*v + 12. Calculate k(i).
-2
Let s(z) be the second derivative of z**5/20 + z**4/2 + z**3 - 5*z**2/2 - 48*z. Determine s(-3).
4
Let n(y) = y**3 + 2*y**2 - 2. Let a be n(-2). Let m(v) = v - 1338 + 1338. What is m(a)?
-2
Let v(j) = -j - 11. Let l = 13 - 21. Let h be v(l). Let o = h - -4. Let q(d) = 5*d**3 + 1. Determine q(o).
6
Let l be 2 + -2 + 13 + -4. Suppose 4*s + 3 = -2*p - l, -5*s = 20. Let h(f) = -2*f**2 - 5*f + f**2 + 0 + 0*f - p. Calculate h(-3).
4
Let s(d) = -d**2 + 5*d - 2. Let m be s(1). Let l(p) = p**m + 0*p**2 + p - 5*p - 42 + 50. Determine l(6).
20
Let y = -33 - -61. Let v = -18 + y. Let n = -13 + v. Let q(h) = -h**2 - 5*h - 2. What is q(n)?
4
Let m(f) be the third derivative of 0*f + 0*f**3 + 0 - 1/12*f**4 - 2*f**2 + 1/30*f**5. Let c be m(2). Let h(b) = -b**2 + 4*b - 5. Give h(c).
-5
Let z be ((-360)/(-150))/((-8)/(-10)). Let m(w) = w + 4. Give m(z).
7
Let w be (10/(-6))/((-25)/90). Let n(f) = w*f - 27*f**2 + 5 + 14*f**2 + 14*f**2. Give n(-6).
5
Let h(t) = t - 6*t**2 + 5*t**2 + 0*t**2 + 2*t**2. Let f(m) = m**3 - 9*m**2 - 11*m - 6. Let j(s) = -f(s) - 5*h(s). Let u be (10/1)/((-4)/(-2)). Calculate j(u).
11
Let p be 4/(-18) - (-60)/27. Suppose -p*h + h = -9. Let c(v) = -2 + 1 - 1 + h - v + v**2. Calculate c(0).
7
Suppose -u = 1 - 2. Let t(h) = h**2 - 4*h. Let r(k) be the third derivative of -k**5/60 - k**4/24 - k**2. Let m(b) = -4*r(b) + t(b). Give m(u).
5
Let y(q) = 2*q + 11 + 5 + 1 - 5. Let x be y(-4). Let a(o) = -o - 1. Let s(z) = -2*z**2 + 2*z - 11. Let b(f) = -5*a(f) + s(f). Determine b(x).
-10
Let o(c) be the first derivative of c**2 - 10*c + 35. Calculate o(8).
6
Let a(n) be the third derivative of n**4/8 - 31*n**3/6 + 5*n**2 + 4. What is a(12)?
5
Let s(j) = -16*j + 19*j - 18*j + 4 - 10. Determine s(-1).
9
Suppose 1 - 77 = -4*r. Let b(j) = j**2 + 8*j - 1 + r - 4 - 7. Determine b(-7).
0
Let w be -2*1/(-1) + 85. Let p(g) = 3 + 9*g**2 + w*g**3 - 9 - 86*g**3. Give p(-9).
-6
Suppose 41*v - 140*v + 891 = 0. Let s(c) = -4*c + 24. What is s(v)?
-12
Let a(d) = 9*d - 19. Let w(y) = -2*y + 2. Let m(z) = a(z) + 4*w(z). What is m(13)?
2
Let j(w) = -w + 1. Let m = 139 - 116. Let c = -28 + m. Determine j(c).
6
Let q(n) = n**3 + 6*n**2 - n + 1. Let r(z) = -z**3 - 2*z**2 + z + 1. Let y(c) = q(c) + 2*r(c). Let i = 32 + -29. What is y(i)?
-3
Let p(a) = a - 11. Let w be p(6). Let q(u) = 5*u - 5. Let b be q(w). Let o be (b/(-12))/((-2)/4). Let h(g) = 2*g + 5. Calculate h(o).
-5
Let g(p) = 25*p**3 - 2*p**2 - 11*p - 10. Let m(b) = -71*b**3 + 7*b**2 + 32*b + 30. Let y(s) = 17*g(s) + 6*m(s). Calculate y(9).
-26
Let l(q) = q**2 + 9*q + 4*q - 16*q + 9*q. Give l(-5).
-5
Let k(v) = -2*v**3 + v**2 + 3*v + 1. Suppose 5*a + 6 = -4*r + 12, 5*r - 28 = 4*a. Determine k(a).
15
Let z = -11 + -5. Let l(c) = -c**3 - 16*c**2 - 2*c - 39. What is l(z)?
-7
Let f(b) = -b**3 - 10*b**2 - 7*b - 3. Let s be f(-9). Let r(x) = -23*x + 72. Let a be r(3). Let g be s/6*(-1 + a). Let q(i) = -i**2 - 9*i + 1. Determine q(g).
15
Let n(u) = -u**2 - 14*u + 172. Let k be n(-22). Let r(o) = -6*o - 15. Determine r(k).
9
Let w(f) = -2*f**2 - 78*f - 85. Let r be w(-38). Let p(d) = -2*d**2 - 17*d + 9. Calculate p(r).
0
Suppose 33*y - 227 = 103. Let p(n) = 3*n - 22. Give p(y).
8
Let j(w) be the second derivative of 0*w**4 - 31*w + 1/20*w**5 + 0*w**2 + 1/6*w**3 + 0. Calculate j(-2).
-10
Suppose 40*h = 21*h + 57. Let l(p) = -p**3 + 4*p**2 - p + 1. What is l(h)?
7
Let h(b) be the first derivative of 4*b**2 - 2. Suppose -w = -14 + 2. Suppose w = 4*c - 2*a, -7*c + 4*c + 2*a = -11. Determine h(c).
8
Let p(a) = 3*a - 11. Suppose 14*g = 15*g - 2. Suppose -2*t + 4*x = -4, -g*t + 5*x - 39 = -5*t. Determine p(t).
13
Let u = 3 + 0. Let f be ((-5)/3)/(1/u). Let i(n) = -6*n**2 - 4*n + 450*n**3 - 112*n**3 - 111*n**3 - 114*n**3 - 114*n**3 - 3. Determine i(f).
-8
Suppose 4*c + 146 = 2*t - 18, 3*t + 174 = -4*c. Let p = c - -36. Let d(o) be the third derivative of -o**5/60 - o**4/4 + 7*o**3/6 + o**2. Determine d(p).
7
Let k be (22/4)/((-11)/(-22)). Suppose k*p - 14*p + 6 = 0. Let a(z) = 3*z**2 + 19*z - 20*z + z**p + z**3 - 4. Give a(-3).
8
Let h(l) = -22*l - 1. Let z(w) = -62*w - 4. Let b(p) = 17*h(p) - 6*z(p). Suppose 0 = 3*k + k - 20. Let i be b(k). Let a(u) = -u - 4. Give a(i).
-1
Suppose 10 = 9*q - 62. Let n(a) = -a**3 + 7*a**2 + 5*a + 11. Determine n(q).
-13
Let z(w) = -w. Let n(q) = -3*q**3 + q**2 - q + 5. Let x(i) = n(i) - 6*z(i). Let a(o) = -4*o**3 + o**2 + 6*o + 6. Let y(t) = -4*a(t) + 5*x(t). What is y(-2)?
-5
Let i(o) = -2*o - 19. Let y be (-12 + 5 - -5)/(12/30). What is i(y)?
-9
Suppose 0 = -4*n + n - 5*f + 1, n - f = 3. Let p(m) = -4 + 3*m**2 - 15*m**2 - 2*m + 9*m**n + 5*m**2. What is p(3)?
8
Let a(p) = -25 - 5 - 5*p + 24. Give a(-5).
19
Let y(q) be the second derivative of -13*q**3/6 - 3*q**2/2 - 14*q. Let p(n) = 2*n + 1. Let c(g) = 14*p(g) + 2*y(g). Determine c(-6).
-4
Let b be (12/(-2))/(-6)*(-36)/6. Let r(q) = -11*q - 6. Calculate r(b).
60
Let x be 805/253 + (-4)/22. Suppose -2*r - 30 = -5*r + 3*k, -r + x*k = -20. Let t(u) = u**3 - 5*u**2 + 5. What is t(r)?
5
Suppose -11*y + 16*y = 25. Let n(k) = -5 + 0*k**3 - y + 8 - k**3. Calculate n(0).
-2
Let a(p) be the second derivative of 1/6*p**3 + p**2 - 7*p + 0. Let n = -36 + 30. Determine a(n).
-4
Let i(d) = d**3 + 4 - 19*d**2 - 2*d - 23*d**2 + 68*d**2 - 22*d**2. Suppose -5*n + w = -3*w + 8, -4*n + w - 13 = 0. Calculate i(n).
12
Let f be 428/72 + -5 - (-20)/(-45). Let q(g) be the first derivative of 5/3*g**3 + 6*g + f*g**2 + 6 + 1/4*g**4. What is q(-5)?
1
Suppose 4*z - 55 - 1 = 0. Suppose 2*g - 7 = 3*k - 0*k, 0 = g - 5*k - z. Let q(v) be the first derivative of -10*v**3/3 - v + 1. Determine q(g).
-11
Let l(w) = 3*w - 9*w - 10 + 7 + 2*w + 6*w. Let r = -1 + 5. Give l(r).
5
Let d(m) = -m**3 + 3*m**2 + 6*m - 4. Let f(k) = k**3 + 5*k**2 - k + 6. Let t be f(-5). Suppose 64 = -39*j - 53. Let a be 1/2*(j + t). Calculate d(a).
4
Let o(t) = 3*t - 1. Let y(c) = 5*c - 15. Let s(a) = -2*o(a) + y(a). Determine s(-8).
-5
Let d(k) = -9*k + 1 - k + 0 + 14*k. Determine d(5).
21
Let q be 2/5*4/96 + 0. Let o(j) be the third derivative of -q*j**6 + 0 + 0*j - 1/6*j**3 + 3*j**2 + 0*j**4 + 1/60*j**5. What is o(-1)?
2
Suppose 30 = 104*o - 109*o. Let z be (o*4/20)/(3/(-10)). Let a(d) = -3*d**2 - 5 + 2*d**2 + 0*d**2 + 3*d. What is a(z)?
-9
Suppose 13 = 3*f - 8*f - 4*t, -4*t + 12 = 0. Let s = 10 + f. Let n(g) = 1 - 4*g + 0*g + g**2 + 1. Calculate n(s).
7
Let g = -178 + 185. Let p(n) = 0 - 1 + 0 - n. Give p(g).
-8
Suppose -2*l + 7*l - 205 = -5*j, -5*l = 2*j - 88. Let z(t) = -2 - t + j*t**2 - 3*t - 42*t**2 + t**3. Determine z(5).
28
Let m(z) = -z + 1. Let a(g) = -g**3 + 4*g**2 - 6*g + 6. Let b(t) = -a(t) + 2*m(t). Determine b(3).
-1
Suppose 32*k = 28*k - 5*z + 2, 0 = -k + 3*z + 9. Let j(r) be the first derivative of -7 + r**2 + 2*r - 1/4*r**4 - 2/3*r**k. Calculate j(-2).
-2
Let x be 4/(-3)*3/(-2). Suppose z = 5*d + 5, -5*z + 3*d = -x*z - 15. Let b(h) be the first derivative of h**4/4 - 2*h**3 + 4*h**2 - 4*h + 21. Determine b(z).
11
Let o(i) = -21*i + 12. Let x(w) = 5*w - 1. Let q(r) = o(r) + 4*x(r). Determine q(12).
-4
Let z(p) = -p - 3 + 3. Suppose 80*h = 40*h + 25*h. Give z(h).
0
Let d(m) = -35*m - 215. Let j be d(-6). Let h(u) = -u - 10. What is h(j)?
-5
Let d(p) be the second derivative of 1/12*p**4 + 3*p**2 - 7/6*p**3 + 0 + 14*p. Let r = 21 + -15.